8?
True
Is 4662729 a multiple of 637?
False
Does 208 divide 255632?
True
Is 63 a factor of 195525?
False
Is 360262 a multiple of 14?
True
Is 201067 a multiple of 67?
True
Is 43 a factor of 3162951?
True
Is 233222 a multiple of 233?
False
Does 199 divide 197611?
False
Is 174 a factor of 21208037?
False
Does 38 divide 1978698?
True
Does 565 divide 94355?
True
Is 1586823 a multiple of 21?
True
Is 340 a factor of 3783860?
True
Is 66848 a multiple of 95?
False
Does 116 divide 32037?
False
Does 1113 divide 2628853?
False
Is 36 a factor of 53676?
True
Is 703 a factor of 1685794?
True
Is 28227 a multiple of 39?
False
Is 570380 a multiple of 20?
True
Is 8 a factor of 733284?
False
Does 705 divide 3860516?
False
Is 259 a factor of 5149214?
False
Is 548 a factor of 740517?
False
Is 999113 a multiple of 79?
True
Does 1828 divide 4416867?
False
Is 9623043 a multiple of 243?
True
Does 6 divide 76748?
False
Is 218 a factor of 12927182?
True
Is 25 a factor of 41025?
True
Is 1790392 a multiple of 90?
False
Does 28 divide 1962342?
False
Is 250275 a multiple of 355?
True
Does 13 divide 2445942?
False
Is 2033910 a multiple of 289?
False
Is 1299854 a multiple of 311?
False
Is 367528 a multiple of 56?
True
Is 429 a factor of 1314210?
False
Does 32 divide 3373984?
True
Is 453 a factor of 4208370?
True
Does 265 divide 6702380?
True
Is 447 a factor of 356479?
False
Does 71 divide 608612?
True
Does 15 divide 1158922?
False
Is 27 a factor of 1804?
False
Does 78 divide 12480808?
False
Is 262 a factor of 362510?
False
Is 4650750 a multiple of 234?
True
Is 99 a factor of 784736?
False
Does 14 divide 6001707?
False
Is 86913 a multiple of 29?
True
Does 385 divide 21560?
True
Does 15 divide 31566?
False
Is 9 a factor of 516789?
True
Is 278570 a multiple of 6?
False
Is 566 a factor of 164393?
False
Is 190795 a multiple of 3?
False
Is 5273774 a multiple of 1003?
True
Is 129 a factor of 1017617?
False
Is 1216 a factor of 2388224?
True
Is 787148 a multiple of 19?
False
Is 13616320 a multiple of 74?
False
Is 148 a factor of 171088?
True
Does 1444 divide 6001264?
True
Is 344 a factor of 4832168?
True
Does 110 divide 10898690?
True
Is 744595 a multiple of 137?
True
Does 257 divide 967862?
True
Is 13715556 a multiple of 38?
False
Does 116 divide 4825111?
False
Is 486941 a multiple of 476?
False
Is 118530 a multiple of 10?
True
Is 119 a factor of 13447?
True
Is 61 a factor of 5236216?
False
Does 32 divide 162594?
False
Is 21 a factor of 131175?
False
Is 338310 a multiple of 105?
True
Is 15 a factor of 8922571?
False
Is 124213 even?
False
Is 3 a factor of 1816410?
True
Is 8525430 a multiple of 90?
True
Is 23 a factor of 20783881?
True
Is 16 a factor of 1002382?
False
Is 1973972 a multiple of 117?
False
Is 5 a factor of 3072533?
False
Is 1688120 a multiple of 10?
True
Is 23916 a multiple of 12?
True
Does 49 divide 810045?
False
Is 38 a factor of 5054570?
True
Does 9 divide 594660?
False
Does 28 divide 3203060?
True
Is 11 a factor of 44363?
True
Does 10 divide 12746525?
False
Is 39036 a multiple of 447?
False
Is 137 a factor of 1049557?
True
Is 161 a factor of 1597893?
False
Does 17 divide 3027071?
True
Is 908416 a multiple of 128?
True
Is 24564 a multiple of 89?
True
Is 74547 a multiple of 11?
True
Does 83 divide 1000316?
True
Is 12 a factor of 396704?
False
Is 135 a factor of 16379952?
False
Is 214942 a multiple of 43?
False
Is 6442148 a multiple of 32?
False
Does 12 divide 706212?
True
Does 7 divide 60967?
False
Does 22 divide 724680?
True
Does 48 divide 4608?
True
Does 42 divide 351860?
False
Does 1207 divide 2172600?
True
Is 643 a multiple of 44?
False
Does 71 divide 406188?
False
Does 109 divide 74741?
False
Is 20 a factor of 127700?
True
Does 172 divide 2726888?
True
Does 5 divide 49420?
True
Is 17783088 a multiple of 1776?
True
Does 140 divide 594731?
False
Is 70 a factor of 411448?
False
Is 21 a factor of 240240?
True
Is 360 a factor of 2438039?
False
Does 138 divide 93701?
False
Is 888114 a multiple of 51?
True
Is 94 a factor of 2189448?
True
Is 607053 a multiple of 17?
True
Does 512 divide 114688?
True
Is 9 a factor of 13018?
False
Is 132 a factor of 186631?
False
Is 556906 a multiple of 174?
False
Is 217651 a multiple of 36?
False
Does 4 divide 7867?
False
Is 488070 a multiple of 11?
True
Is 56 a factor of 2406040?
True
Does 147 divide 1714314?
True
Is 90 a factor of 202950?
True
Does 2126 divide 8574158?
True
Is 19 a factor of 6292724?
True
Is 5364042 a multiple of 446?
True
Does 12 divide 12171876?
True
Is 389 a factor of 655?
False
Is 11606563 a multiple of 150?
False
Does 79 divide 71948?
False
Does 78 divide 9151038?
True
Is 5 a factor of 78488?
False
Is 59 a factor of 4778823?
True
Does 464 divide 513184?
True
Is 850014 a multiple of 66?
True
Is 8179 a multiple of 73?
False
Is 199 a factor of 2295652?
False
Is 251 a factor of 137046?
True
Is 156094 a multiple of 9?
False
Is 28 a factor of 6005985?
False
Does 34 divide 17702?
False
Is 3 a factor of 8388?
True
Is 531 a factor of 138060?
True
Is 73 a factor of 16410426?
False
Does 7 divide 16891?
True
Is 33333319 a multiple of 43?
False
Is 1038030 a multiple of 105?
True
Is 1044337 a multiple of 20?
False
Is 662595 a multiple of 163?
True
Is 8 a factor of 150768?
True
Is 4805648 a multiple of 5?
False
Does 36 divide 4806186?
False
Is 109731 a multiple of 79?
True
Is 6622224 a multiple of 7?
True
Is 2 a factor of 134139?
False
Is 1382397 a multiple of 3?
True
Is 712873 a multiple of 215?
False
Does 2 divide 497090?
True
Does 5 divide 194710?
True
Does 127 divide 43723?
False
Does 54 divide 50058?
True
Does 28 divide 1208394?
False
Is 115 a factor of 979388?
False
Is 376 a factor of 296166?
False
Is 21 a factor of 126420?
True
Is 2001592 a multiple of 58?
False
Does 17 divide 1546549?
False
Does 12 divide 23640?
True
Does 64 divide 323273?
False
Is 221 a factor of 1572803?
False
Is 8453304 a multiple of 18?
True
Is 282 a factor of 5894364?
True
Does 7 divide 269022?
False
Is 93276 a multiple of 6?
True
Is 12085 a multiple of 5?
True
Does 12 divide 495000?
True
Is 3271616 a multiple of 388?
True
Does 2 divide 74671?
False
Does 18 divide 56142?
True
Does 385 divide 277675?
False
Does 28 divide 54107?
False
Is 606 a factor of 11590356?
True
Is 16 a factor of 90525?
False
Is 95030 a multiple of 58?
False
Does 141 divide 1729224?
True
Is 175 a factor of 257075?
True
Does 216 divide 6712079?
False
Does 27 divide 702427?
False
Is 39 a factor of 179176?
False
Does 130 divide 1964935?
False
Is 6105890 a multiple of 170?
True
Is 83246 a multiple of 24?
False
Is 24321 a multiple of 125?
False
Is 241 a factor of 19105275?
True
Does 14 divide 3233098?
False
Is 5144664 a multiple of 2168?
True
Is 196442 a multiple of 25?
False
Is 8 a factor of 13602963?
False
Is 6987432 a multiple of 15?
False
Is 182120 a multiple of 290?
True
Does 14 divide 193787?
False
Does 121 divide 357722?
False
Is 12062424 a multiple of 11?
True
Does 166 divide 2856196?
True
Does 24 divide 1748760?
True
Is 7 a factor of 392647?
False
Is 7 a factor of 2455811?
False
Is 4168053 a multiple of 14?
False
Is 34 a factor of 12332786?
True
Is 398890 a multiple of 353?
True
Is 2797393 a multiple of 107?
False
Is 122 a factor of 623542?
True
Does 186 divide 45012?
True
Is 693819 a multiple of 3?
True
Is 140 a factor of 3690534?
False
Is 33128 a multiple of 41?
True
Does 20 divide 1451992?
False
Does 6 divide 31152?
True
Is 6297356 a multiple of 13?
True
Is 815967 a multiple of 31?
False
Is 93702 a multiple of 194?
True
Does 75 divide 427275?
True
Is 565536 a multiple of 172?
True
Is 362890 a multiple of 110?
True
Is 132 a factor of 352085?
False
Is 254448 a multiple of 342?
True
Does 4 divide 57339?
False
Is 47981 a multiple of 21?
False
Is 25 a factor of 403325?
True
Is 11 a factor of 63946?
False
Is 10 a factor of 526875?
False
Is 4101700 a multiple of 50?
True
Is 73 a factor of 6812579?
True
Does 116 divide 8599544?
True
Does 66 divide 4374609?
False
Is 9 a factor of 431265?
False
Does 39 divide 321009?
True
Is 1361408 a multiple of 128?
True
Is 10 a factor of 8608515?
False
Is 235 a factor of 962281?
False
Is 8438919 a multiple of 26?
False
Is 31720 a multiple of 19?
False
Is 44 a factor of 1234021?
False
Is 400818 a multiple of 88?
False
Is 230110 even?
True
Is 141